{"id":79,"date":"2017-09-20T15:18:34","date_gmt":"2017-09-20T13:18:34","guid":{"rendered":"https:\/\/www.chiesadioristano.it\/catechistico\/?page_id=79"},"modified":"2017-09-20T15:18:34","modified_gmt":"2017-09-20T13:18:34","slug":"catechesi-e-disabilita","status":"publish","type":"page","link":"https:\/\/www.chiesadioristano.it\/catechistico\/catechesi-e-disabilita\/","title":{"rendered":"Catechesi e disabilit\u00e0"},"content":{"rendered":"<p>\u201c<em>In collaborazione con le realt\u00e0 diocesane, le congregazioni religiose e le aggregazioni laicali che operano in questo ambito, il settore per la Catechesi delle persone disabili si propone di stimolare nella comunit\u00e0 ecclesiale e nelle diverse realt\u00e0 sociali la sensibilizzazione e la cura pastorale, la formazione di catechisti e l\u2019ideazione di strumenti adeguati ai vari ambiti di disabilit\u00e0 motoria, intellettiva e sensoriale. All\u2019interno di questi obiettivi, il tema dell\u2019inclusione ha un\u2019importanza rilevante ed \u00e8 tra i compiti principali delle Chiese locali in ordine alla presenza ordinaria delle persone disabili e delle loro famiglie nella vita pastorale e, specificamente, all\u2019interno dei percorsi catechistici. In tal modo si intende favorire la realizzazione di esperienze di educazione religiosa delle persone disabili considerate non pi\u00f9 per il loro limite, bens\u00ec per le loro potenzialit\u00e0 anche in ordine alla testimonianza di fede\u201d.<\/em><\/p>\n<p>CEI, Incontriamo Ges\u00f9 n. 93<\/p>\n<p>\u201c<em>La comunit\u00e0 cristiana non pu\u00f2 non avvertire l\u2019urgenza di offrire la proposta di fede, nella sua pienezza, anche a tutte le persone disabili, nel modo pi\u00f9 appropriato possibile, perch\u00e9 esse possano ascoltare Dio che parla nella loro particolarissima situazione come un Padre amorevole, lo accolgano, trovino in Lui le risposte pi\u00f9 significative per la loro vita e imparino ad amarlo e a seguirlo\u201d.<br \/>\n<\/em>CEI, L\u2019iniziazione Cristiana alle persone disabili. Orientamenti e proposte, 2004, n. 3<\/p>\n<p>L\u2019\u00e9quipe diocesana ha l\u2019obiettivo di costituire in Diocesi una presenza visibile nel campo della disabilit\u00e0 per rispondere ai bisogni delle comunit\u00e0 parrocchiali e dei singoli catechisti chiamati ad accompagnare bambini e ragazzi disabili nel percorso di Iniziazione Cristiana.<\/p>\n<p>Il nostro l\u2019impegno \u00e8 quello di:<br \/>\n\u2013 sensibilizzare la Diocesi alla cura e alla crescita cristiana del bambino\/ragazzo disabile per lasciarsi raggiungere dalla sua ricchezza;<br \/>\n\u2013 sostenere e formare i catechisti e le famiglie dei ragazzi\/e con disabilit\u00e0 nella proposta di una catechesi sistematica, adatta alle possibilit\u00e0 di ciascuno;<br \/>\n\u2013 coinvolgere il bambino disabile e la sua famiglia nelle vita ordinaria della parrocchia;<br \/>\n\u2013 acquisire la consapevolezza che il bambino con disabilit\u00e0 \u00e8, con la sua vita, non solo destinatario ma anche testimone del Regno di Dio e protagonista di evangelizzazione.<\/p>\n<p>&nbsp;<\/p>\n<p>Questo settore sar\u00e0 coordinato da <strong>don Giacomo Zichi <\/strong>con i membri dell\u2019equipe<\/p>\n<ol>\n<li>_________________________________________<\/li>\n<li>_________________________________________<\/li>\n<\/ol>\n","protected":false},"excerpt":{"rendered":"<p>\u201cIn collaborazione con le realt\u00e0 diocesane, le congregazioni religiose e le aggregazioni laicali che operano in questo ambito, il settore per la Catechesi delle persone disabili si propone di stimolare nella comunit\u00e0 ecclesiale e nelle diverse realt\u00e0 sociali la sensibilizzazione e la cura pastorale, la formazione di catechisti e l\u2019ideazione di strumenti adeguati ai vari ambiti di disabilit\u00e0 motoria, intellettiva e sensoriale. All\u2019interno di questi &hellip; <a href=\"https:\/\/www.chiesadioristano.it\/catechistico\/catechesi-e-disabilita\/\" class=\"more-link\">Continue reading <span class=\"screen-reader-text\">Catechesi e disabilit\u00e0<\/span> <span class=\"meta-nav\">&raquo;<\/span><\/a><\/p>\n","protected":false},"author":3,"featured_media":0,"parent":0,"menu_order":0,"comment_status":"closed","ping_status":"closed","template":"","meta":[],"acf":[],"_links":{"self":[{"href":"https:\/\/www.chiesadioristano.it\/catechistico\/wp-json\/wp\/v2\/pages\/79"}],"collection":[{"href":"https:\/\/www.chiesadioristano.it\/catechistico\/wp-json\/wp\/v2\/pages"}],"about":[{"href":"https:\/\/www.chiesadioristano.it\/catechistico\/wp-json\/wp\/v2\/types\/page"}],"author":[{"embeddable":true,"href":"https:\/\/www.chiesadioristano.it\/catechistico\/wp-json\/wp\/v2\/users\/3"}],"replies":[{"embeddable":true,"href":"https:\/\/www.chiesadioristano.it\/catechistico\/wp-json\/wp\/v2\/comments?post=79"}],"version-history":[{"count":1,"href":"https:\/\/www.chiesadioristano.it\/catechistico\/wp-json\/wp\/v2\/pages\/79\/revisions"}],"predecessor-version":[{"id":80,"href":"https:\/\/www.chiesadioristano.it\/catechistico\/wp-json\/wp\/v2\/pages\/79\/revisions\/80"}],"wp:attachment":[{"href":"https:\/\/www.chiesadioristano.it\/catechistico\/wp-json\/wp\/v2\/media?parent=79"}],"curies":[{"name":"wp","href":"https:\/\/api.w.org\/{rel}","templated":true}]}}

Catechesi e disabilità

<p>“<em>In collaborazione con le realtà diocesane, le congregazioni religiose e le aggregazioni laicali che operano in questo ambito, il settore per la Catechesi delle persone disabili si propone di stimolare nella comunità ecclesiale e nelle diverse realtà sociali la sensibilizzazione e la cura pastorale, la formazione di catechisti e l’ideazione di strumenti adeguati ai vari ambiti di disabilità motoria, intellettiva e sensoriale. All’interno di questi obiettivi, il tema dell’inclusione ha un’importanza rilevante ed è tra i compiti principali delle Chiese locali in ordine alla presenza ordinaria delle persone disabili e delle loro famiglie nella vita pastorale e, specificamente, all’interno dei percorsi catechistici. In tal modo si intende favorire la realizzazione di esperienze di educazione religiosa delle persone disabili considerate non più per il loro limite, bensì per le loro potenzialità anche in ordine alla testimonianza di fede”.</em></p>
<p>CEI, Incontriamo Gesù n. 93</p>
<p>“<em>La comunità cristiana non può non avvertire l’urgenza di offrire la proposta di fede, nella sua pienezza, anche a tutte le persone disabili, nel modo più appropriato possibile, perché esse possano ascoltare Dio che parla nella loro particolarissima situazione come un Padre amorevole, lo accolgano, trovino in Lui le risposte più significative per la loro vita e imparino ad amarlo e a seguirlo”.<br />
</em>CEI, L’iniziazione Cristiana alle persone disabili. Orientamenti e proposte, 2004, n. 3</p>
<p>L’équipe diocesana ha l’obiettivo di costituire in Diocesi una presenza visibile nel campo della disabilità per rispondere ai bisogni delle comunità parrocchiali e dei singoli catechisti chiamati ad accompagnare bambini e ragazzi disabili nel percorso di Iniziazione Cristiana.</p>
<p>Il nostro l’impegno è quello di:<br />
– sensibilizzare la Diocesi alla cura e alla crescita cristiana del bambino/ragazzo disabile per lasciarsi raggiungere dalla sua ricchezza;<br />
– sostenere e formare i catechisti e le famiglie dei ragazzi/e con disabilità nella proposta di una catechesi sistematica, adatta alle possibilità di ciascuno;<br />
– coinvolgere il bambino disabile e la sua famiglia nelle vita ordinaria della parrocchia;<br />
– acquisire la consapevolezza che il bambino con disabilità è, con la sua vita, non solo destinatario ma anche testimone del Regno di Dio e protagonista di evangelizzazione.</p>
<p>&nbsp;</p>
<p>Questo settore sarà coordinato da <strong>don Giacomo Zichi </strong>con i membri dell’equipe</p>
<ol>
<li>_________________________________________</li>
<li>_________________________________________</li>
</ol>

<p>“In collaborazione con le realtà diocesane, le congregazioni religiose e le aggregazioni laicali che operano in questo ambito, il settore per la Catechesi delle persone disabili si propone di stimolare nella comunità ecclesiale e nelle diverse realtà sociali la sensibilizzazione e la cura pastorale, la formazione di catechisti e l’ideazione di strumenti adeguati ai vari ambiti di disabilità motoria, intellettiva e sensoriale. All’interno di questi &hellip; <a href="https://www.chiesadioristano.it/catechistico/catechesi-e-disabilita/" class="more-link">Continue reading <span class="screen-reader-text">Catechesi e disabilità</span> <span class="meta-nav">&raquo;</span></a></p>
