{"id":85,"date":"2017-09-20T15:20:08","date_gmt":"2017-09-20T13:20:08","guid":{"rendered":"https:\/\/www.chiesadioristano.it\/catechistico\/?page_id=85"},"modified":"2017-09-20T17:00:50","modified_gmt":"2017-09-20T15:00:50","slug":"catecumenato-e-liturgia","status":"publish","type":"page","link":"https:\/\/www.chiesadioristano.it\/catechistico\/catecumenato-e-liturgia\/","title":{"rendered":"Catecumenato e Liturgia"},"content":{"rendered":"<p>&#8220;<em>Il catecumenato non \u00e8 una semplice esposizione di dogmi e di precetti, ma una formazione a tutta la vita cristiana e un tirocinio debitamente esteso nel tempo, mediante i quali i discepoli vengono in contatto con Cristo, loro maestro. Perci\u00f2 i catecumeni siano convenientemente iniziati al mistero della salvezza e alla pratica delle norme evangeliche e, mediante riti sacri, da celebrare in tempi successivi, siano introdotti nella vita della fede, della liturgia e della carit\u00e0 del popolo di Dio<\/em>&#8221;<\/p>\n<p>(Ad Gentes, 14; Cfr. Prima Nota pastorale CEI: L&#8217;iniziazione cristiana, CATECUMENATO DEGLI ADULTI n\u00b018).<\/p>\n<p>\u00c8 importante che il cammino catecumenale sia inserito nella pastorale ordinaria e non abbia solo un carattere esclusivamente dottrinale, ma sia una introduzione alla vita della Chiesa che si esprime nella preghiera personale, nella partecipazione alle celebrazioni liturgiche e alla testimonianza della carit\u00e0.<\/p>\n<p>\u00c8 altrettanto importante che il catecumeno avverta vivamente attorno a s\u00e9 la presenza della comunit\u00e0.<\/p>\n<p>E\u2019 bene ricordare che per i ragazzi in et\u00e0 scolastica, dai 7 ai 14 anni, che chiedono di essere battezzati, si fa domanda all&#8217;Ordinario, quindi \u00a0in considerazione dell&#8217;et\u00e0 e della frequenza al catechismo sar\u00e0 concordato un percorso specifico di preparazione ai sacramenti.<\/p>\n<p>Ordinariamente li si inviti a partecipare alla catechesi normale nel gruppo della loro et\u00e0.<\/p>\n<p>Dovr\u00e0 essere motivo di studio e di attenzione il cammino catecumenale di giovani e adulti battezzati da piccoli e che non hanno pi\u00f9 completato l&#8217;iniziazione cristiana o di battezzati che chiedono di ricominciare e di riscoprire e vivere una fede. Su questo aspetto esistono chiari orientamenti nella terza parte della nota <em>L&#8217;iniziazione cristiana. Orientamenti per il risveglio della fede e il completamento dell\u2019iniziazione cristiana in et\u00e0 adulta.<\/em><\/p>\n<p>Sar\u00e0 compito di questo ufficio elaborare itinerari catechistici per i catecumeni, itinerari formativi per gli accompagnatori organizzandoli, se le necessit\u00e0 lo richiedono, anche in sede foraniale.<\/p>\n<p><strong>\u00a0<\/strong><\/p>\n<p><strong>Questo settore sar\u00e0\u00a0 coordinato da don Alessandro Enna <\/strong>con i membri dell\u2019\u00e9quipe<\/p>\n<ol>\n<li>_______________________________________________<\/li>\n<li>_______________________________________________<\/li>\n<\/ol>\n<p>&nbsp;<\/p>\n","protected":false},"excerpt":{"rendered":"<p>&#8220;Il catecumenato non \u00e8 una semplice esposizione di dogmi e di precetti, ma una formazione a tutta la vita cristiana e un tirocinio debitamente esteso nel tempo, mediante i quali i discepoli vengono in contatto con Cristo, loro maestro. Perci\u00f2 i catecumeni siano convenientemente iniziati al mistero della salvezza e alla pratica delle norme evangeliche e, mediante riti sacri, da celebrare in tempi successivi, siano &hellip; <a href=\"https:\/\/www.chiesadioristano.it\/catechistico\/catecumenato-e-liturgia\/\" class=\"more-link\">Continue reading <span class=\"screen-reader-text\">Catecumenato e Liturgia<\/span> <span class=\"meta-nav\">&raquo;<\/span><\/a><\/p>\n","protected":false},"author":3,"featured_media":0,"parent":0,"menu_order":0,"comment_status":"closed","ping_status":"closed","template":"","meta":[],"acf":[],"_links":{"self":[{"href":"https:\/\/www.chiesadioristano.it\/catechistico\/wp-json\/wp\/v2\/pages\/85"}],"collection":[{"href":"https:\/\/www.chiesadioristano.it\/catechistico\/wp-json\/wp\/v2\/pages"}],"about":[{"href":"https:\/\/www.chiesadioristano.it\/catechistico\/wp-json\/wp\/v2\/types\/page"}],"author":[{"embeddable":true,"href":"https:\/\/www.chiesadioristano.it\/catechistico\/wp-json\/wp\/v2\/users\/3"}],"replies":[{"embeddable":true,"href":"https:\/\/www.chiesadioristano.it\/catechistico\/wp-json\/wp\/v2\/comments?post=85"}],"version-history":[{"count":2,"href":"https:\/\/www.chiesadioristano.it\/catechistico\/wp-json\/wp\/v2\/pages\/85\/revisions"}],"predecessor-version":[{"id":92,"href":"https:\/\/www.chiesadioristano.it\/catechistico\/wp-json\/wp\/v2\/pages\/85\/revisions\/92"}],"wp:attachment":[{"href":"https:\/\/www.chiesadioristano.it\/catechistico\/wp-json\/wp\/v2\/media?parent=85"}],"curies":[{"name":"wp","href":"https:\/\/api.w.org\/{rel}","templated":true}]}}

<p>&#8220;<em>Il catecumenato non è una semplice esposizione di dogmi e di precetti, ma una formazione a tutta la vita cristiana e un tirocinio debitamente esteso nel tempo, mediante i quali i discepoli vengono in contatto con Cristo, loro maestro. Perciò i catecumeni siano convenientemente iniziati al mistero della salvezza e alla pratica delle norme evangeliche e, mediante riti sacri, da celebrare in tempi successivi, siano introdotti nella vita della fede, della liturgia e della carità del popolo di Dio</em>&#8221;</p>
<p>(Ad Gentes, 14; Cfr. Prima Nota pastorale CEI: L&#8217;iniziazione cristiana, CATECUMENATO DEGLI ADULTI n°18).</p>
<p>È importante che il cammino catecumenale sia inserito nella pastorale ordinaria e non abbia solo un carattere esclusivamente dottrinale, ma sia una introduzione alla vita della Chiesa che si esprime nella preghiera personale, nella partecipazione alle celebrazioni liturgiche e alla testimonianza della carità.</p>
<p>È altrettanto importante che il catecumeno avverta vivamente attorno a sé la presenza della comunità.</p>
<p>E’ bene ricordare che per i ragazzi in età scolastica, dai 7 ai 14 anni, che chiedono di essere battezzati, si fa domanda all&#8217;Ordinario, quindi  in considerazione dell&#8217;età e della frequenza al catechismo sarà concordato un percorso specifico di preparazione ai sacramenti.</p>
<p>Ordinariamente li si inviti a partecipare alla catechesi normale nel gruppo della loro età.</p>
<p>Dovrà essere motivo di studio e di attenzione il cammino catecumenale di giovani e adulti battezzati da piccoli e che non hanno più completato l&#8217;iniziazione cristiana o di battezzati che chiedono di ricominciare e di riscoprire e vivere una fede. Su questo aspetto esistono chiari orientamenti nella terza parte della nota <em>L&#8217;iniziazione cristiana. Orientamenti per il risveglio della fede e il completamento dell’iniziazione cristiana in età adulta.</em></p>
<p>Sarà compito di questo ufficio elaborare itinerari catechistici per i catecumeni, itinerari formativi per gli accompagnatori organizzandoli, se le necessità lo richiedono, anche in sede foraniale.</p>
<p><strong> </strong></p>
<p><strong>Questo settore sarà  coordinato da don Alessandro Enna </strong>con i membri dell’équipe</p>
<ol>
<li>_______________________________________________</li>
<li>_______________________________________________</li>
</ol>
<p>&nbsp;</p>

<p>&#8220;Il catecumenato non è una semplice esposizione di dogmi e di precetti, ma una formazione a tutta la vita cristiana e un tirocinio debitamente esteso nel tempo, mediante i quali i discepoli vengono in contatto con Cristo, loro maestro. Perciò i catecumeni siano convenientemente iniziati al mistero della salvezza e alla pratica delle norme evangeliche e, mediante riti sacri, da celebrare in tempi successivi, siano &hellip; <a href="https://www.chiesadioristano.it/catechistico/catecumenato-e-liturgia/" class="more-link">Continue reading <span class="screen-reader-text">Catecumenato e Liturgia</span> <span class="meta-nav">&raquo;</span></a></p>
